(f) = -25*f**3 - 2*f**2 - 2*f - 1. Let m be r(-1). What is the greatest common divisor of p and m?
12
Let q be 7/((-147)/174) + (-2)/(-7). Let c(s) = 2*s**3 + 15*s**2 - 12*s - 22. Let i be c(q). Calculate the highest common divisor of 60 and i.
10
Suppose -84*h - 424 + 4834 = 21*h. What is the highest common factor of h and 408?
6
Suppose 0 = -4*y + 3*u + 12, 2*u = -2*y + 3*y - 3. Suppose -2*r + 14 = h, -5*h = 2*r - y*h - 10. Calculate the greatest common divisor of r and 1125.
9
Suppose 14*t = 16*t - 10. Suppose -3*p = -7 - t, 4331 = 3*y + 2*p. Suppose 469 - y = -9*x. Calculate the highest common divisor of x and 9.
9
Let z be (43 - 23)/((-120)/(-768)). Let x be (-66)/4*192/(-9). Calculate the greatest common factor of x and z.
32
Let k(n) = 57*n**2 + 2*n + 1. Let h be k(-1). Let s = 1205 + -1165. What is the highest common factor of s and h?
8
Suppose 2*v + 60 = 5*m + 14, 0 = -5*v + m - 138. Let s = 42 + v. What is the greatest common factor of 154 and s?
14
Suppose 551 = -34*i + 501 + 3790. What is the highest common factor of 396 and i?
22
Suppose 0 = -54*p + 283*p - 1310796. What is the greatest common divisor of 27 and p?
27
Let c be (-158)/(-790) + 519/5. Let t(r) = -3*r - 5. Let l be t(-6). Calculate the highest common factor of l and c.
13
Suppose -99 = t + 4*o - 107, -3*t + 3*o = -84. Calculate the highest common factor of 1632 and t.
24
Let i(h) = -4*h**2 + 4*h + 50. Let f be i(-7). Let r = -142 - f. Calculate the greatest common divisor of r and 24.
8
Let i = -70 - -72. Suppose -f - 2*d = i, 0 = -3*f - 4*d + 2. Let o(c) = -4*c**3 - 3*c**2 - 2*c. Let n be o(-2). What is the greatest common factor of f and n?
6
Suppose -2*m - p + 2 = -5*m, -5*p = -4*m - 10. Let j(s) = s**2 + s - 128. Let v be j(m). Let u = -58 - v. Calculate the greatest common factor of u and 10.
10
Suppose -170441 = 2*i - 183651. What is the highest common divisor of 30 and i?
5
Let u(f) = f**3 - 16*f**2 - 35*f - 8. Let q be u(18). Suppose -29 = -s + x, q*s - 6*s - 116 = 3*x. What is the highest common factor of s and 1073?
29
Let j = -126498 + 126651. Let t(z) = -2*z + 3*z + 2*z**2 + 3 - 5*z. Let s be t(3). What is the greatest common divisor of j and s?
9
Let g(n) = n**3 - 7*n**2 - 24*n + 11. Let i = -59 + 68. Let r be 1 + 1 + i/1. Let f be g(r). Calculate the greatest common factor of f and 21.
21
Suppose 329 + 34 = -3*y. Let k = 130 + y. Calculate the highest common factor of 1 and k.
1
Suppose -138*b = -390*b + 1574443 + 8465741. What is the highest common divisor of 22 and b?
22
Let l = 374 + -191. Let n = -93 + l. Let o = -90 + 126. Calculate the greatest common factor of o and n.
18
Let v = -15 + 36. Suppose 58 = 5*z - 2*f + v, 4*f - 3 = -z. Suppose -32 = 3*b - z*b. Calculate the highest common factor of 2 and b.
2
Let k(l) = l**2 - 36*l + 30. Let c be k(0). Let o = 94 - 54. What is the greatest common divisor of o and c?
10
Let r be (44/(-55))/(2/(-10)). Let m be (r - -1) + (-9 - (0 - 7)). Let x(k) = 3*k - 36. Let a be x(20). What is the highest common factor of a and m?
3
Suppose 4*s - 45 = -3*l, 6*l - s - 41 = 2*l. Suppose 6*b + 30 = l*b. Calculate the highest common factor of b and 6.
6
Suppose -4*g - 5*c + 4167 = 0, -3117 = 1399*g - 1402*g - c. Calculate the greatest common divisor of 186 and g.
6
Suppose -4*y = r - 164, 4*y - 5*y = -4*r - 24. Suppose -5*u + 176 = -124. Suppose -17*i + u = -14*i. What is the greatest common factor of y and i?
20
Suppose 944 + 1139 = 45*x - 752. What is the greatest common factor of 7749 and x?
63
Let s be (-1)/3*(-11 - -5). Let t be 51 + (-3 + s)/1. Let r(k) = 3*k**2 + 19*k + 45. Let v be r(-5). What is the greatest common divisor of t and v?
25
Let g be ((12 - 2) + 1/(-1))*1. Let k = g + 146. Calculate the highest common factor of 31 and k.
31
Let i = 62 + -56. Suppose 0*x - a = 4*x - 22, -3*x = 3*a - 21. Suppose -2*v + c - 15 = -i*v, 0 = -x*c - 5. Calculate the greatest common divisor of 18 and v.
2
Let a(v) = 1 - 2 - 3*v - 2 + 5. Let w be a(1). Let p be ((-23)/2)/(w/(-16)*-1). What is the greatest common factor of 23 and p?
23
Suppose -137*d - 69680 + 370292 = -96*d. What is the greatest common factor of 188 and d?
188
Let l(w) = 11*w + 57. Let k be l(-7). Let r be (16/k)/((-3)/1440). Calculate the greatest common divisor of r and 6.
6
Suppose 0 = 11*y - 6*y - 3*k - 10560, -2*k - 35863 = -17*y. What is the greatest common factor of 888 and y?
111
Suppose -2*m + 24 = r, 6 = -8*m + 5*m. Calculate the greatest common factor of r and 462.
14
Suppose 3*p - 609 = -2*v, -11*v + 885 = -8*v - 5*p. Calculate the highest common divisor of v and 720.
60
Let s be (-3782)/((-26 - -12) + 13). Calculate the highest common factor of 366 and s.
122
Let y = -15 - -55. Let v(o) = -14*o + 641 - 276 - 165. Let d be v(0). What is the greatest common factor of d and y?
40
Suppose 3 = b - 2*b. Let x be (-8)/56*0 + 32 + b. Calculate the greatest common divisor of x and 580.
29
Let d = -3876 + 4261. Calculate the greatest common factor of 175 and d.
35
Let y(q) = -q**3 + 41*q**2 - 180*q - 120. Let k be y(35). Calculate the highest common factor of k and 2480.
310
Let a = -319 + 550. Let c = 244 - a. What is the greatest common factor of c and 767?
13
Let q = 4041 - 2578. Calculate the highest common factor of 154 and q.
77
Suppose 1015 = 5*o + 5*d, 0*o - 2*o + 376 = -4*d. Let s be 4/10 + o/30. Suppose 5*a + 64 = s*a. What is the greatest common divisor of a and 64?
32
Let v(d) = 24*d - 63. Let b be v(3). Suppose -b*j + 520 = j. Calculate the greatest common divisor of 91 and j.
13
Let x be (-1)/(-7) + 671/7. Calculate the highest common factor of 1024 and x.
32
Let d = -10 + 24. Let w = -26781 + 26788. What is the greatest common divisor of d and w?
7
Suppose 19*b - 93 = 16*b. Suppose 12*m = -5*m + 34. Calculate the greatest common divisor of b and m.
1
Let b = -3141 + 3160. Calculate the highest common divisor of b and 6232.
19
Let n = -720 + 732. What is the highest common divisor of n and 52?
4
Let r be (12 - 18)*((-1547)/126 + (-2)/9). Calculate the highest common divisor of 600 and r.
75
Suppose 5816 = -11*h + 19*h. Let j = 1099 - h. What is the highest common factor of 12 and j?
12
Suppose 3*r = 51 + 15. Suppose -r*v - 78 = -24*v. Suppose v*d = 41*d - 22. Calculate the highest common factor of d and 77.
11
Let q = 3368 + -3300. What is the greatest common divisor of 1292 and q?
68
Let o = 34 - 42. Let u(h) = h**3 + 8*h**2 - 3*h + 16. Let c be u(o). Suppose 4*i + 0*i = 2*f - c, f + 4 = -4*i. What is the highest common divisor of f and 48?
12
Let t = -6649 + 6974. Calculate the highest common divisor of t and 52.
13
Suppose 5*q + 440 - 2057 = 4*z, -5*q = -5*z - 1615. What is the greatest common divisor of 225 and q?
25
Let u be -210 + 2 - 1 - 3. Let v = u - -239. What is the highest common divisor of v and 270?
27
Let g(h) = 188*h**3 + 10*h**2 - 25. Let p be g(3). What is the greatest common factor of 212 and p?
53
Suppose 10*v + 3136 = 27296. What is the greatest common divisor of 453 and v?
151
Let v be 18 + 33 + 6/(-3 + 5). Suppose -4*x = -5*y - 0*x + 228, -5*y + 5*x + 225 = 0. What is the greatest common divisor of v and y?
6
Let y be ((-32)/10)/(2/(-35)). Let d be (-30)/(-18)*(-252)/(-30). Calculate the greatest common divisor of y and d.
14
Let q be -152 + 6/12*-12. Let v = 198 + q. What is the greatest common factor of 4 and v?
4
Let z(g) = -2*g + 74. Let l be z(0). Suppose l = -j - j. Let f = -16 - j. Calculate the greatest common factor of 21 and f.
21
Let f be ((-198)/(-120)*15)/(6351/(-1272) - -5). Calculate the greatest common factor of f and 66.
66
Let q(b) = -b**2 - 100*b - 313. Let j be q(-71). What is the highest common divisor of j and 72?
18
Let b(r) = 15*r + 1976. Let y be b(-65). Suppose -4*f + 172 + 136 = 0. What is the highest common divisor of y and f?
77
Let s(g) = 247*g**2 + 67*g - 2. Let h be s(-1). Calculate the greatest common factor of h and 7209.
89
Suppose q + 5*o = 1240, -4*q = o - 852 - 4146. Calculate the highest common divisor of 20 and q.
10
Suppose 24*x + 7468 = 8020. Calculate the highest common divisor of 20171 and x.
23
Suppose 4*k - 4*z = 364, -35*z + 33*z = -4*k + 368. Calculate the highest common factor of 806 and k.
31
Let t(v) = -6*v**2 + 8*v - 4. Let g(c) = -c**2. Let m(i) = 3*g(i) - t(i)